(3 - 3)) - (-1 - 0)
-19
Calculate (6 + -4 - (2 - -6)) + (7 - 1).
0
What is 0 + -7 + 12 + -5 - 8 - -2?
-6
What is -5 + 0 + (3 - ((23 - 5) + -9))?
-11
(-11 - -2 - (26 - 34) - -5) + -21
-17
What is (3 - -10) + -3 + -4 + (-26 - -6)?
-14
What is the value of 31 - 38 - (-4 - 2 - 0)?
-1
-8 - (-10 + 6) - (-6 + 0 + 1)
1
Calculate (-3 - 1 - (-22 + 2 + 32)) + -2.
-18
4 - ((-2 - -1) + -4 + 12)
-3
What is the value of 6 - (35 - (8 + 11))?
-10
-51 + 52 + (3 - 8)
-4
What is the value of -14 + 7 + (45 - 32)?
6
-9 + (16 - (-2 + 37 + -5))
-23
(-5 - (3 - 1) - (-38 - -37)) + 8
2
18 - (-47 - (-72 - 19))
-26
Calculate 11 + ((-9 - -5) + 2 - 2) + 9.
16
What is the value of -3 + -9 + (-5 - -11 - -3)?
-3
Evaluate -15 + (-11 - (-2 - (2 - -5))).
-17
Evaluate -10 + -2 + (-1 - (6 + 2 + -9)).
-12
What is the value of 4 + 4 - 4 - (-2 + (16 - 4))?
-6
Evaluate 3 - -3 - (12 - 7).
1
Evaluate 0 - (-8 + -13 + 6).
15
Evaluate -54 + 11 + (-15 - -18) - -15.
-25
(-2 - -21) + (558 - 583)
-6
Evaluate (2 - -9 - (28 - 20)) + 6.
9
Evaluate -12 + (-1 - -25) + -24.
-12
What is -2 + -5 - (-11 + 6 + 0)?
-2
What is 16 + 0 - (-11 + -5 + 9 - 1)?
24
(-41 - -32) + (-2 - 3)
-14
Calculate -12 + 0 + (1 + 10 - 22 - -7).
-16
What is -10 - (-1 - (2 + (-11 - -16)))?
-2
What is the value of (-948 - -896) + 1 + 30?
-21
Calculate 1 - (4 + 4 + 1) - -21.
13
What is the value of (-5 - 12) + 6 - -15?
4
Evaluate -1 + 0 - ((3 - 14) + 5).
5
Calculate -23 - (-4 - (19 - 16)).
-16
What is the value of 11 - -6 - -3 - (-3 - -5)?
18
What is the value of 3 + (-5 - 1) + 9 + (-6 - -19)?
19
1 + -6 + 69 + -20 + -47
-3
What is the value of (-10 - -7 - -2) + -26 - (-18 - -15)?
-24
Calculate (-1 + -3 - -2) + -9 + 1 + -3.
-13
Calculate 1 + (-17 - -18) + -9 + 1.
-6
(-7 - ((-6 - -6) + -13) - 1) + -5
0
What is the value of -39 + 2 + -4 - (214 - 230)?
-25
What is -15 - 20 - -66 - 38?
-7
What is the value of -2 - -25 - -15 - 26?
12
What is (-1 - -2) + 3 + 8 + (-2 - 22)?
-12
Calculate 7 + (17 - 17) + (-30 - (-10 + 3)).
-16
Calculate (-15 - -4) + (-1 - (4 + -8)) + 0.
-8
Calculate 7 + -6 + (-6 - 1) + 3.
-3
Calculate 3 - (4 + -5) - (-64 - -64).
4
3 - (9 + 2 + -2 - -1)
-7
Evaluate -6 + 1 + (25 - 8).
12
43 + -7 + (-1 - 3 - (13 - 9))
28
(269 - 267) + 2 + 1 - 3
2
What is the value of 6 + (11 - 16) + -6 - (-2 + -12)?
9
What is 0 - (21 + 1 - 22)?
0
What is -9 - (15 - 2 - 15)?
-7
What is (1 + 6 - 14 - 1) + 18?
10
What is the value of 1 - 5 - (-8 + (-21 - (-55 - -9)))?
-21
6 + -8 + (5 + -1 - (-13 - -3))
12
Calculate 20 + (-26 + -4 - -16).
6
What is the value of (79 - 1) + -44 + -24?
10
3 + -7 + (8 - 4) + -5 + -3
-8
Evaluate -2 + (-4 - (3 + -1)) + -5.
-13
Calculate 7 + -14 - (-8 + (4 - 3) + 0).
0
(-108 - -126) + -25 + -4
-11
Calculate 77 + -53 - (4 + 2) - (4 - -6).
8
What is (-15 - -9) + -3 - (17 - 12)?
-14
Calculate (0 - -23) + 27 + -30 + -6.
14
-6 + 30 + -20 - ((-26 - -2) + 3)
25
Evaluate -2 + -2 - ((-5 - (-7 - 0)) + -3).
-3
Evaluate 2 - (4 - 0) - (3 + 4).
-9
-20 - ((-18 - -2) + -21)
17
Evaluate 23 - (76 + -29 + -14).
-10
Calculate -9 + 14 - ((27 - -3) + 2 + -2).
-25
Calculate 18 + -1 - (194 + -188) - 24.
-13
Evaluate 8 + (-24 - -15) - -10.
9
Calculate (-16 + 4 + 1 - -5 - -14) + 2.
10
What is -2 - (-23 + 28 + -36)?
29
Calculate 14 - 16 - (8 + -5 + 17).
-22
What is the value of ((-2 + 6 - 3) + 5 - 3) + -7?
-4
What is the value of (10 - 2 - 13 - -4) + (-4 - 4)?
-9
1 + -1 - (30 + -1 + -34)
5
Calculate 4 + (-7 - (15 - 11) - (-3 + 4)).
-8
13 - (-2 + 1) - (-38 + 45)
7
What is -5 + (-11 - -7) + 13?
4
(-9 - 5) + (19 - 11)
-6
What is the value of 1 + 0 + (1327 - 1325)?
3
What is the value of -4 + (-7 - -14) - (0 - 12)?
15
Evaluate (-17 + (7 + -8 - -8) - -6) + 6.
2
Evaluate (0 - (1 - 4)) + -7 + 5 + -2.
-1
-3 + (-4 - 2) - ((-3 - -3) + -3)
-6
Calculate -6 + -5 + -8 + 6 + -7 + -1.
-21
Evaluate -16 + -12 - -15 - ((-2 - 0) + 0).
-11
What is (9 - 6) + -2 + 8 + 1?
10
What is the value of -8 - (-38 + 40 + 5)?
-15
What is 11 + -14 + 6 - 0?
3
Calculate 13 + -12 + (8 - 9).
0
0 + -9 + -1 + -21 + 31 + -10
-10
What is the value of 8 - (-14 + 7 + 0 + -39 + 35)?
19
1 + -1 + -3 + 5 - 0 - -5
7
What is (-8 - (10 + -7)) + -1?
-12
What is the value of -1 + (-2 - -10) + -12 + 24?
19
0 + 4 + (22 - 32)
-6
What is the value of -14 + 24 + (-26 - -17) + 38?
39
Evaluate -15 + 9 + 20 + -2 + 2.
14
Calculate 2 - (-5 + (17 - 6) - -1).
-5
Calculate -28 - (-9 + 5 - -13 - (2 - -11)).
-24
-20 + (-36 - -42) + (-1 - -2)
-13
Evaluate 10 + (2 - 1) - -1 - (39 + -32).
5
What is 6 + 9 + -14 + (0 - 1)?
0
What is -8 + (-6 + -3 - (-41 + 22))?
2
Evaluate 1 + (37 - ((-10 - -12) + 1 - -9)).
26
Evaluate (16 - 0) + -9 + (-8 - (-19 - -8)).
10
Evaluate (-52 - (2 - 45)) + (-1 - -15).
5
What is 6 + -13 - (-21 - -10)?
4
Evaluate (252 - 244) + (-8 - -4).
4
Evaluate 14 + -1 + -7 + 11 + -2 - 2.
13
What is -61 - (-1 + -46) - (0 + -11)?
-3
What is -8 + (0 - (5 - -1 - (9 - -1)))?
-4
Evaluate (2 - 4 - -1) + (1099 - 1108).
-10
12 - 16 - ((-1 - -9) + 5)
-17
Calculate -17 - ((-1 - 0 - -6) + -596 + 584).
-10
What is the value of 17 - (-12 + 6 + -6)?
29
35 - 44 - (-1 + 0)
-8
What is 43 + -18 + -25 - 21?
-21
What is the value of 14 + (-2 - 20) - -11 - (1 + 6)?
-4
Calculate -6 + (-4 + 2 - (2 - 5)).
-5
Calculate (-16 - -12) + -9 - (-70 + 15).
42
What is the value of -15 - (-8 - -18 - 13)?
-12
What is (2 - 28) + 26 - -20?
20
Evaluate 15 + 0 - ((5 - -20) + -41).
31
Evaluate 1 + -29 + (41 - 4).
9
What is 6 + (-12 + 25 - 10)?
9
Calculate -2 - ((7 - -7) + -23) - (4 + 18).
-15
What is the value of 14 - (-3 - (-3 - 14)) - -10?
10
What is 26 + 18 - (4 - -17)?
23
What is -18 + 11 + -2 - -19?
10
Evaluate (-2 - 3) + (-23 - -24).
-4
Calculate 5 - (-3 + 2) - ((-10 - -11) + -6).
11
Calculate -4 + 9 - (52 - 54).
7
What is the value of 11 + 0 - (7 + 13) - (-2 + 12)?
-19
Calculate 0 + -14 + 9 + 31 - 6.
20
Calculate -3 + 12 - (-5 - (-6 - 6)).
2
Evaluate (14 - 1) + (3 - (-6 + (0 - -10))).
12
What is the value of (-62 - -47) + 13 + -6 - -3?
-5
-16 + -9 + -15 + 31
-9
What is the value of 1 + (1 - 2) - (61 + -47)?
-14
What is the value of 3 + 4 - (-2 - -5) - 7 - 2?
-5
What is the value of -18 + 3 - (-11 + 4 + 15 - -1)?
-24
Calculate -23 - 1 - (-12 - (2 - (12 - -3))).
-25
What is (-9 - (7 - 0 - 5)) + -19 - 4?
-34
What is 12 + (-1 - 4) + (-9 - -19 - 4)?
13
21 + -28 + -11 - -18
0
What is the value of (10 - 12) + -13 - -12?
-3
What is the value of -9 + 19 + -10 + -3?
-3
2 - (17 - (4 + 3 + (7 - 19)))
-20
What is the value of -9 + (37 + -22 + -4 - (4 - 0))?
-2
Evaluate 9 - ((100 - 92) + (2 - -1)).
-2
What is the value of 14 + -5 + 7 - (12 - 14)?
18
Evaluate (-12 - 4) + 16 - -2.
2
-27 + (44 + -14 - 10)
-7
Calculate 2 + -12 + -3 + 23.
10
2 + 6 + -1 + 0 + -19
-12
8 + (-6 - (1 + -1)) + -2 - 11
-11
Calculate 28 + (4 + -31 - -12).
13
(4 + -8 - -10) + -2 - 3 - -4
5
Calculate 3 - 18 - ((-2 - 7) + -3).
-3
Calculate (-3 - 5) + 3 - (-15 + 14).
-4
What is the value of 61 + -72 + (-2 - -3)?
-10
Evaluate 2 + (2 - (4 - -1)) - (-14 - -24).
-11
Calculate -4 + 17 + 9 + -27.
-5
-24 + (-13 - (-26 + 12))
-23
7 + -39 + (5 - -8)
-19
What is the value of 6 - ((4 - (-1 - -1 - -6)) + 14)?
-6
Evaluate -26 + 13 - -26 - 9.
4
Calculate -17 - (-23 - -14) - (26 - 20).
-14
What is the value of 2 - (7 - (-1 - 6 - -1 - -6))?
-5
Calculate (-33 - -28) + 8 + -12 + 40.
31
What is the value of -4 - ((-2 + 0 - -13) + -20)?
5
-9 + 7 + -2 + -7
-11
Evaluate -8 + 17 + -2 + 5 - -16.
28
What is the value of -3 + 1 - (-14 + 21 + 2 + -34)?
23
Calculate 0 - (20 + -12 + (1 - 6)).
-3
Evaluate -380 + 404 + -13 + (-3 - -2).
10
Evaluate 0 - (-5 + 3 + -7) - 20.
-11
Calculate -1 + -13 + (-2 - -1) - (-7 + 7).
-15
Evaluate -1 + -5 - 0 - (-1 - 4).
-1
What is 0 + -9 + 26 + -12?
5
What is -13 + 0 + 15 - 22?
-20
Evaluate (-2 + -1 - (-27 - -29)) + 5 + -7.
-7
Calculate 197 + -188 + -36 + -1 - -8.
-20
(12 - 6) + 1 + -23 + 9
-7
Evaluate 40 + 26 + (28 - 65).
29
Calculate 36 + -64 + 33 + 1 + 20.
26
What is 21 - 3 - 7 - (-10 - -17)?
4
Calculate 3 + -4 + -7 + (-6 - (-5 - 10)).
1
What is the value of 17 + 23 + -3 + -21?
16
What is (-4 - (-3 - (-15 + 7))) + 11?
2
Calculate 1 - (7 - (1 + 3 - -10)) - 21.
-13
Calculate (-1 - -7) + 2 + 0 + (11 - 8).
11
-3 + (2 - (-4 - 2)) + -12 + 0
-7
What is -1 + 7 + (21 - 41)?
-14
8 + -15 + 37 + 3
33
Evaluate -34 + (8 - -25) + -10.
-11
Evaluate (3 - (-8 + -3 + 3)) + 0.
11
What is the val